{"id":12479,"date":"2022-06-24T23:17:27","date_gmt":"2022-06-24T23:17:27","guid":{"rendered":"https:\/\/cipu.org.uy\/web\/?page_id=12479"},"modified":"2024-01-24T15:34:37","modified_gmt":"2024-01-24T15:34:37","slug":"servicios","status":"publish","type":"page","link":"https:\/\/cipu.org.uy\/web\/servicios\/","title":{"rendered":"Servicios"},"content":{"rendered":"<section class=\"wpb-content-wrapper\"><p>[vc_row css=\u00bb.vc_custom_1656112707307{padding-top: 60px !important;padding-bottom: 30px !important;}\u00bb mobile_bg_img_hidden=\u00bbno\u00bb tablet_bg_img_hidden=\u00bbno\u00bb woodmart_parallax=\u00bb0&#8243; woodmart_gradient_switch=\u00bbno\u00bb row_reverse_mobile=\u00bb0&#8243; row_reverse_tablet=\u00bb0&#8243; woodmart_disable_overflow=\u00bb0&#8243;][vc_column animate=\u00bbafl\u00bb][vc_tta_accordion active_section=\u00bb4&#8243; collapsible_all=\u00bbtrue\u00bb][vc_tta_section active=\u00bb1&#8243; title=\u00bbAdministrativos\u00bb tab_id=\u00bb1695757858442-1d5940f2-c3f7&#8243;][vc_row_inner][vc_column_inner width=\u00bb7\/12&#8243;][vc_column_text css=\u00bb.vc_custom_1630355998602{padding-right: 4% !important;}\u00bb]<\/p>\n<p style=\"text-align: justify;\">El Centro de Industriales Panaderos del Uruguay desarrolla diversos servicios que apuntan a brindar una cobertura integral de las necesidades de los panaderos. Todos los tr\u00e1mites y el mejor servicio de gestor\u00eda.<\/p>\n<p style=\"text-align: justify;\">\u00bfQui\u00e9n mejor que el CIPU le puede asesorar en este tema cada vez m\u00e1s complejo? Habilitaciones, registros, tasa bromatol\u00f3gica, tr\u00e1mites ante los entes, pagos, etc. Sienta el respaldo de su Instituci\u00f3n en su negocio. En coordinaci\u00f3n con las diversas \u00e1reas de la instituci\u00f3n monitorea todo el apoyo que el socio precisa. El servicio apunta a acercarse al afiliado a la Instituci\u00f3n ante cualquier requisitoria, buscando las mejores soluciones y el mejor respaldo en la informaci\u00f3n.<\/p>\n<p>[\/vc_column_text][\/vc_column_inner][vc_column_inner width=\u00bb5\/12&#8243;][vc_single_image image=\u00bb12485&#8243; img_size=\u00bbfull\u00bb alignment=\u00bbcenter\u00bb woodmart_inline=\u00bbno\u00bb parallax_scroll=\u00bbno\u00bb][\/vc_column_inner][\/vc_row_inner][\/vc_tta_section][vc_tta_section title=\u00bbJur\u00eddico\u00bb tab_id=\u00bb1695757858586-9a72db65-3288&#8243;][vc_row_inner][vc_column_inner width=\u00bb7\/12&#8243;][vc_column_text css=\u00bb.vc_custom_1688516039139{padding-right: 4% !important;}\u00bb woodmart_inline=\u00bbno\u00bb text_larger=\u00bbno\u00bb]<strong>Un servicio integral sin costo adicional para el socio. Los abogados del CIPU&nbsp; le asesorar\u00e1n en materia laboral y jur\u00eddica. Reclamos demandas, juicios, asesoramiento legal, etc.&nbsp; <\/strong>Las dificultades jur\u00eddicas de distinto tipo \u2013ya sea constituci\u00f3n o disoluci\u00f3n de sociedades, reclamos laborales, impugnaci\u00f3n de multas, etc- son atendidas por este equipo de expertos.<\/p>\n<p>[\/vc_column_text][\/vc_column_inner][vc_column_inner width=\u00bb5\/12&#8243;][vc_single_image image=\u00bb12486&#8243; img_size=\u00bbfull\u00bb alignment=\u00bbcenter\u00bb woodmart_inline=\u00bbno\u00bb parallax_scroll=\u00bbno\u00bb][\/vc_column_inner][\/vc_row_inner][\/vc_tta_section][vc_tta_section title=\u00bbContable\u00bb tab_id=\u00bb1695757858730-0a3c9471-0f3b\u00bb][vc_row_inner][vc_column_inner width=\u00bb7\/12&#8243;][vc_column_text css=\u00bb.vc_custom_1478186923504{padding-right: 4% !important;}\u00bb]<\/p>\n<p style=\"text-align: justify;\">Un capacitado equipo realiza todo el trabajo de administraci\u00f3n contable de las panader\u00edas, liquidaciones de impuestos, sueldos, contratos de trabajo, entre otros. Adem\u00e1s, cumple tareas de asesoramiento para el re dise\u00f1o del negocio o la obtenci\u00f3n de pr\u00e9stamos para la modernizaci\u00f3n de los equipamientos o reformas de los locales. Una administraci\u00f3n confiable para el Socio.<\/p>\n<p>[\/vc_column_text][\/vc_column_inner][vc_column_inner width=\u00bb5\/12&#8243;][vc_single_image image=\u00bb12487&#8243; img_size=\u00bbfull\u00bb alignment=\u00bbcenter\u00bb woodmart_inline=\u00bbno\u00bb parallax_scroll=\u00bbno\u00bb][\/vc_column_inner][\/vc_row_inner][\/vc_tta_section][vc_tta_section title=\u00bbArquitectura\u00bb tab_id=\u00bb1695757858879-a9e66385-f214&#8243;][vc_row_inner][vc_column_inner width=\u00bb7\/12&#8243;][vc_column_text css=\u00bb.vc_custom_1478186935132{padding-right: 4% !important;}\u00bb]<\/p>\n<p style=\"text-align: justify;\">Planos, tr\u00e1mites de marquesinas, asesoramiento total sobre habilitaciones de locales, maquinarias, regulaci\u00f3n alimentaria, reformas, etc. Un profesional se encuentra al frente de esta \u00e1rea con el valor agregado de toda la experiencia del Cipu. Aqu\u00ed se sugieren y controlan diversos aspectos del relacionamiento de las panader\u00edas con los municipios y otros organismos estatales, a los efectos del mejor cumplimiento de las normas vigentes en cuanto al relevamiento, confecci\u00f3n y presentaci\u00f3n de los gr\u00e1ficos correspondientes. Con apoyatura del&nbsp; Sector Administrativo, se mantiene un permanente seguimiento de los permisos que se deben tramitar en distintos organismos. Las complejas y numerosas gestiones que deben llevarse a cabo en torno a las habilitaciones del Servicio de Regulaci\u00f3n Alimentaria, de Locales Industriales y Comerciales, de Instalaciones Mec\u00e1nicas y El\u00e9ctricas, de la Direcci\u00f3n Nacional de Bomberos, son realizadas con la m\u00e1xima eficiencia.<\/p>\n<p>[\/vc_column_text][\/vc_column_inner][vc_column_inner width=\u00bb5\/12&#8243;][vc_single_image image=\u00bb12488&#8243; img_size=\u00bbfull\u00bb alignment=\u00bbcenter\u00bb woodmart_inline=\u00bbno\u00bb parallax_scroll=\u00bbno\u00bb][\/vc_column_inner][\/vc_row_inner][\/vc_tta_section][\/vc_tta_accordion][\/vc_column][\/vc_row][vc_row color_scheme=\u00bbsecondary\u00bb css=\u00bb.vc_custom_1656113106591{padding-top: 30px !important;padding-bottom: 30px !important;}\u00bb el_id=\u00bbalmacen\u00bb mobile_bg_img_hidden=\u00bbno\u00bb tablet_bg_img_hidden=\u00bbno\u00bb woodmart_parallax=\u00bb0&#8243; woodmart_gradient_switch=\u00bbno\u00bb row_reverse_mobile=\u00bb0&#8243; row_reverse_tablet=\u00bb0&#8243; woodmart_disable_overflow=\u00bb0&#8243;][vc_column animate=\u00bbfade\u00bb animate_delay=\u00bb\u00bb css=\u00bb.vc_custom_1477410315104{margin-bottom: -40px !important;}\u00bb][vc_column_text woodmart_inline=\u00bbno\u00bb text_larger=\u00bbno\u00bb]<\/p>\n<h3 style=\"text-align: center;\">Almac\u00e9n de compras<\/h3>\n<p style=\"text-align: justify;\">Mediante diversos convenios y alianzas con importantes empresas de plaza, hemos logrado para el socio, una mejora sustancial en el precio, en gran parte de los distintos insumos de la panader\u00eda. Un sistema que lo sostiene y lo apuntala el propio panadero con su preferencia. La secci\u00f3n fue creada para que las peque\u00f1as empresas puedan obtener mejores precios en las materias primas e insumos que utilizan. Con dos entregas semanales en la propia empresa o el servicio de venta en la sede social, cubre un importante aspecto del quehacer diario de la panader\u00eda. Juntos compramos mejor. S\u00famese y disfrute de los beneficios.<\/p>\n<p>[\/vc_column_text][vc_btn title=\u00bbIR A LA TIENDA\u00bb style=\u00bboutline\u00bb color=\u00bbinverse\u00bb align=\u00bbcenter\u00bb i_icon_fontawesome=\u00bbfas fa-shopping-cart\u00bb add_icon=\u00bbtrue\u00bb link=\u00bburl:https%3A%2F%2Fwww.cipu.org.uy%2Fweb%2Finsumos%2F\u00bb css=\u00bb.vc_custom_1656113118461{padding-top: 0px !important;}\u00bb][\/vc_column][\/vc_row][vc_row el_id=\u00bbsalon\u00bb css=\u00bb.vc_custom_1656113133837{padding-top: 60px !important;padding-bottom: 30px !important;}\u00bb mobile_bg_img_hidden=\u00bbno\u00bb tablet_bg_img_hidden=\u00bbno\u00bb woodmart_parallax=\u00bb0&#8243; woodmart_gradient_switch=\u00bbno\u00bb row_reverse_mobile=\u00bb0&#8243; row_reverse_tablet=\u00bb0&#8243; woodmart_disable_overflow=\u00bb0&#8243;][vc_column][vc_column_text woodmart_inline=\u00bbno\u00bb text_larger=\u00bbno\u00bb]<\/p>\n<h3 style=\"text-align: center;\">Sal\u00f3n de eventos y conferencias<\/h3>\n<p>[\/vc_column_text][\/vc_column][vc_column][vc_gallery type=\u00bbflexslider_slide\u00bb interval=\u00bb3&#8243; images=\u00bb12497,12495,12496&#8243; img_size=\u00bbfull\u00bb][vc_column_text woodmart_inline=\u00bbno\u00bb text_larger=\u00bbno\u00bb]<\/p>\n<div style=\"text-align: justify;\">Consulte por alquiler del sal\u00f3n a precios convenientes.<br \/>\n<strong>Capacidad aproximada:<\/strong> 70 personas.<\/div>\n<div style=\"text-align: justify;\">Descuentos para socios de cipu.<\/div>\n<p>[\/vc_column_text][\/vc_column][\/vc_row][vc_row el_id=\u00bbconvenio\u00bb mobile_bg_img_hidden=\u00bbno\u00bb tablet_bg_img_hidden=\u00bbno\u00bb woodmart_parallax=\u00bb0&#8243; woodmart_gradient_switch=\u00bbno\u00bb row_reverse_mobile=\u00bb0&#8243; row_reverse_tablet=\u00bb0&#8243; woodmart_disable_overflow=\u00bb0&#8243;][vc_column][vc_column_text woodmart_inline=\u00bbno\u00bb text_larger=\u00bbno\u00bb]<\/p>\n<h3 style=\"text-align: center;\">Convenios<\/h3>\n<p>[\/vc_column_text][\/vc_column][\/vc_row][vc_row][vc_column][vc_row_inner][vc_column_inner width=\u00bb1\/2&#8243;][vc_column_text css=\u00bb.vc_custom_1656113394457{border-right-width: 3px !important;padding-right: 4% !important;border-right-color: #f2f2f2 !important;border-right-style: dotted !important;}\u00bb woodmart_inline=\u00bbno\u00bb text_larger=\u00bbno\u00bb]<\/p>\n<p style=\"text-align: justify;\"><img decoding=\"async\" class=\"size-full wp-image-12500 aligncenter\" src=\"https:\/\/cipu.org.uy\/web\/wp-content\/uploads\/2022\/06\/logo-beeco-300x129-1.png\" alt=\"\" width=\"300\" height=\"129\" srcset=\"https:\/\/cipu.org.uy\/web\/wp-content\/uploads\/2022\/06\/logo-beeco-300x129-1.png 300w, https:\/\/cipu.org.uy\/web\/wp-content\/uploads\/2022\/06\/logo-beeco-300x129-1-150x65.png 150w\" sizes=\"(max-width: 300px) 100vw, 300px\" \/><br \/>\nServicio que en forma obligatoria deben tener contratado las panader\u00edas, por disposici\u00f3n de la Intendencia de Montevideo. Contratando \u00e9ste servicio con la empresa RECOSERV, como socio del CIPU, obtiene un 40% de descuento. Por mas informaci\u00f3n cont\u00e1ctese con nosotros: Tel\u00e9fono 2924 5344 o a info@cipu.org.uy<\/p>\n<p>[\/vc_column_text][\/vc_column_inner][vc_column_inner width=\u00bb1\/2&#8243; css=\u00bb.vc_custom_1478543141948{margin-top: -29px !important;}\u00bb][vc_column_text css=\u00bb.vc_custom_1607353773358{padding-left: 4% !important;}\u00bb]<\/p>\n<p style=\"text-align: justify;\"><img decoding=\"async\" class=\"aligncenter size-medium wp-image-11183\" src=\"http:\/\/www.cipu.org.uy\/wp-content\/uploads\/2016\/10\/logo-eme-uno2-300x111.jpg\" alt=\"logo eme uno2\" width=\"300\" height=\"111\"><\/p>\n<p style=\"text-align: justify;\">El Consejo de Salarios de las panader\u00edas dispone la obligatoriedad de tener contratado un servicio de emergencia m\u00e9dica, a trav\u00e9s de lo que se denomina \u201cArea protegida\u201d. El Centro mantiene un convenio con Emergencia UNO,&nbsp; a trav\u00e9s del cual los asociados acceden a dicho servicio con una cuota mensual bonificada. Por mas informaci\u00f3n cont\u00e1ctese con nosotros: Tel\u00e9fono 2924 5344.<\/p>\n<p>[\/vc_column_text][\/vc_column_inner][\/vc_row_inner][\/vc_column][\/vc_row][vc_row][vc_column][vc_single_image image=\u00bb12501&#8243; img_size=\u00bbfull\u00bb alignment=\u00bbcenter\u00bb woodmart_inline=\u00bbno\u00bb parallax_scroll=\u00bbno\u00bb][vc_row_inner][vc_column_inner width=\u00bb1\/6&#8243;][\/vc_column_inner][vc_column_inner width=\u00bb2\/3&#8243;][vc_column_text woodmart_inline=\u00bbno\u00bb text_larger=\u00bbno\u00bb]<\/p>\n<p style=\"text-align: justify;\">Con el convenio suscrito con la Asociaci\u00f3n Espa\u00f1ola. Los asociados del CIPU ya afiliados o que se afilien a dicha mutualista gozan de los siguientes beneficios:<\/p>\n<p>\u2022 Cuota mensual bonificada<br \/>\n\u2022 6 \u00f3rdenes para especialista, urgencia, emergencia y domicilio, sin costo<br \/>\n\u2022 12 recetas anuales con el 50% de bonificaci\u00f3n<\/p>\n<p style=\"text-align: justify;\">Dichos beneficios pueden extenderse adem\u00e1s de socio a familiares directos. Por m\u00e1s informaci\u00f3n cont\u00e1ctese con nosotros: Tel\u00e9fono 2924 5344 o a info@cipu.org.uy<\/p>\n<p><strong>Familia Acompa\u00f1antes:<\/strong><\/p>\n<p style=\"text-align: justify;\">El convenio vigente entre el CIPU y la Asociaci\u00f3n Espa\u00f1ola Primera de Socorros Mutuos, otorga importantes beneficios a los socios de la instituci\u00f3n. A su vez, al haberse creado en la \u00f3rbita de dicha mutualista el servicio de acompa\u00f1antes FAMILIA, el mismo llega tambi\u00e9n a los asociados con una muy favorable propuesta, la que abarca no solamente a los afiliados a la Asociaci\u00f3n Espa\u00f1ola, sino tambi\u00e9n a todas las mutualistas dentro del departamento de Montevideo, Ciudad de la Costa, Costa de Oro, Ciudad del Plata, Ciudad de Canelones, Las Piedras y Pando.<\/p>\n<p style=\"text-align: justify;\">Este convenio ofrece planes corporativos tanto individuales como familiares.<\/p>\n<p style=\"text-align: justify;\">Por m\u00e1s informaci\u00f3n cont\u00e1ctese con nosotros al Tel\u00e9fono 2924 5344 o env\u00ede un mail a info@cipu.org.uy<\/p>\n<p>[\/vc_column_text][\/vc_column_inner][vc_column_inner width=\u00bb1\/6&#8243;][\/vc_column_inner][\/vc_row_inner][\/vc_column][\/vc_row]<\/p>\n<\/section>","protected":false},"excerpt":{"rendered":"<p>[vc_row css=\u00bb.vc_custom_1656112707307{padding-top: 60px !important;padding-bottom: 30px !important;}\u00bb mobile_bg_img_hidden=\u00bbno\u00bb tablet_bg_img_hidden=\u00bbno\u00bb woodmart_parallax=\u00bb0&#8243; woodmart_gradient_switch=\u00bbno\u00bb row_reverse_mobile=\u00bb0&#8243; row_reverse_tablet=\u00bb0&#8243; woodmart_disable_overflow=\u00bb0&#8243;][vc_column animate=\u00bbafl\u00bb][vc_tta_accordion active_section=\u00bb4&#8243; collapsible_all=\u00bbtrue\u00bb][vc_tta_section active=\u00bb1&#8243; title=\u00bbAdministrativos\u00bb tab_id=\u00bb1695757858442-1d5940f2-c3f7&#8243;][vc_row_inner][vc_column_inner width=\u00bb7\/12&#8243;][vc_column_text<\/p>\n","protected":false},"author":1,"featured_media":0,"parent":0,"menu_order":0,"comment_status":"closed","ping_status":"closed","template":"","meta":{"ngg_post_thumbnail":0,"footnotes":""},"class_list":["post-12479","page","type-page","status-publish","hentry"],"_links":{"self":[{"href":"https:\/\/cipu.org.uy\/web\/wp-json\/wp\/v2\/pages\/12479","targetHints":{"allow":["GET"]}}],"collection":[{"href":"https:\/\/cipu.org.uy\/web\/wp-json\/wp\/v2\/pages"}],"about":[{"href":"https:\/\/cipu.org.uy\/web\/wp-json\/wp\/v2\/types\/page"}],"author":[{"embeddable":true,"href":"https:\/\/cipu.org.uy\/web\/wp-json\/wp\/v2\/users\/1"}],"replies":[{"embeddable":true,"href":"https:\/\/cipu.org.uy\/web\/wp-json\/wp\/v2\/comments?post=12479"}],"version-history":[{"count":25,"href":"https:\/\/cipu.org.uy\/web\/wp-json\/wp\/v2\/pages\/12479\/revisions"}],"predecessor-version":[{"id":15420,"href":"https:\/\/cipu.org.uy\/web\/wp-json\/wp\/v2\/pages\/12479\/revisions\/15420"}],"wp:attachment":[{"href":"https:\/\/cipu.org.uy\/web\/wp-json\/wp\/v2\/media?parent=12479"}],"curies":[{"name":"wp","href":"https:\/\/api.w.org\/{rel}","templated":true}]}}